me factors of 140433.
3, 46811
What are the prime factors of 50824?
2, 6353
What are the prime factors of 49905?
3, 5, 1109
List the prime factors of 21704.
2, 2713
What are the prime factors of 15481?
113, 137
List the prime factors of 120.
2, 3, 5
What are the prime factors of 47812?
2, 11953
List the prime factors of 59014.
2, 19, 1553
What are the prime factors of 4493?
4493
List the prime factors of 3880.
2, 5, 97
What are the prime factors of 2980?
2, 5, 149
List the prime factors of 1330.
2, 5, 7, 19
What are the prime factors of 10361?
13, 797
List the prime factors of 96043.
96043
List the prime factors of 7986.
2, 3, 11
List the prime factors of 42133.
7, 13, 463
What are the prime factors of 44595?
3, 5, 991
What are the prime factors of 12237?
3, 4079
What are the prime factors of 2413?
19, 127
List the prime factors of 39914.
2, 7, 2851
List the prime factors of 152837.
152837
List the prime factors of 1846.
2, 13, 71
What are the prime factors of 746?
2, 373
What are the prime factors of 1833?
3, 13, 47
What are the prime factors of 1039?
1039
What are the prime factors of 33?
3, 11
List the prime factors of 1096.
2, 137
List the prime factors of 45531.
3, 5059
What are the prime factors of 1400?
2, 5, 7
What are the prime factors of 1443?
3, 13, 37
List the prime factors of 1662.
2, 3, 277
List the prime factors of 21586.
2, 43, 251
What are the prime factors of 1647?
3, 61
List the prime factors of 2770.
2, 5, 277
What are the prime factors of 6470?
2, 5, 647
What are the prime factors of 75093?
3, 25031
What are the prime factors of 899?
29, 31
What are the prime factors of 1406?
2, 19, 37
List the prime factors of 66529.
66529
List the prime factors of 240.
2, 3, 5
What are the prime factors of 12842?
2, 6421
List the prime factors of 908.
2, 227
What are the prime factors of 78873?
3, 61, 431
What are the prime factors of 3253?
3253
What are the prime factors of 4988?
2, 29, 43
List the prime factors of 3371.
3371
List the prime factors of 8388.
2, 3, 233
What are the prime factors of 16106?
2, 8053
What are the prime factors of 5411?
7, 773
List the prime factors of 909.
3, 101
What are the prime factors of 36886?
2, 18443
What are the prime factors of 15815?
5, 3163
List the prime factors of 1882.
2, 941
List the prime factors of 1167.
3, 389
What are the prime factors of 1433?
1433
List the prime factors of 2781.
3, 103
List the prime factors of 1661.
11, 151
List the prime factors of 101.
101
List the prime factors of 2865.
3, 5, 191
List the prime factors of 5762.
2, 43, 67
What are the prime factors of 154?
2, 7, 11
List the prime factors of 9189.
3, 1021
List the prime factors of 11042.
2, 5521
What are the prime factors of 12556?
2, 43, 73
List the prime factors of 3532.
2, 883
List the prime factors of 7556.
2, 1889
List the prime factors of 7008.
2, 3, 73
What are the prime factors of 977?
977
List the prime factors of 2889.
3, 107
List the prime factors of 1984.
2, 31
List the prime factors of 1717.
17, 101
List the prime factors of 41277.
3, 13759
What are the prime factors of 3968?
2, 31
List the prime factors of 327.
3, 109
What are the prime factors of 84272?
2, 23, 229
What are the prime factors of 3670?
2, 5, 367
List the prime factors of 10229.
53, 193
List the prime factors of 2566.
2, 1283
What are the prime factors of 74553?
3, 24851
What are the prime factors of 967?
967
What are the prime factors of 205736?
2, 25717
What are the prime factors of 4858?
2, 7, 347
List the prime factors of 30.
2, 3, 5
What are the prime factors of 1947?
3, 11, 59
List the prime factors of 6221.
6221
What are the prime factors of 1527?
3, 509
List the prime factors of 3008.
2, 47
What are the prime factors of 3716?
2, 929
List the prime factors of 21212.
2, 5303
What are the prime factors of 2134?
2, 11, 97
What are the prime factors of 133214?
2, 43, 1549
What are the prime factors of 30604?
2, 7, 1093
What are the prime factors of 81759?
3, 27253
What are the prime factors of 27937?
7, 13, 307
What are the prime factors of 50253?
3, 7, 2393
What are the prime factors of 27618?
2, 3, 4603
What are the prime factors of 2811?
3, 937
List the prime factors of 24730.
2, 5, 2473
What are the prime factors of 220?
2, 5, 11
What are the prime factors of 2474?
2, 1237
List the prime factors of 3177.
3, 353
List the prime factors of 38386.
2, 17, 1129
List the prime factors of 3092.
2, 773
List the prime factors of 5209.
5209
List the prime factors of 27441.
3, 3049
What are the prime factors of 47161?
47161
What are the prime factors of 35883?
3, 443
List the prime factors of 164.
2, 41
What are the prime factors of 11314?
2, 5657
List the prime factors of 1214.
2, 607
What are the prime factors of 897?
3, 13, 23
What are the prime factors of 186?
2, 3, 31
What are the prime factors of 2113?
2113
List the prime factors of 602.
2, 7, 43
List the prime factors of 50100.
2, 3, 5, 167
What are the prime factors of 57972?
2, 3, 4831
What are the prime factors of 79852?
2, 19963
List the prime factors of 6605.
5, 1321
What are the prime factors of 1714?
2, 857
List the prime factors of 189.
3, 7
What are the prime factors of 15488?
2, 11
What are the prime factors of 1266?
2, 3, 211
List the prime factors of 1632.
2, 3, 17
What are the prime factors of 10681?
11, 971
List the prime factors of 4083.
3, 1361
List the prime factors of 601.
601
What are the prime factors of 418?
2, 11, 19
What are the prime factors of 6755?
5, 7, 193
List the prime factors of 1058.
2, 23
What are the prime factors of 228?
2, 3, 19
List the prime factors of 34446.
2, 3, 5741
List the prime factors of 53379.
3, 659
List the prime factors of 17083.
11, 1553
List the prime factors of 4121.
13, 317
List the prime factors of 38043.
3, 1409
What are the prime factors of 27152?
2, 1697
List the prime factors of 33896.
2, 19, 223
List the prime factors of 57105.
3, 5, 47
What are the prime factors of 1249?
1249
List the prime factors of 27798.
2, 3, 41, 113
What are the prime factors of 442?
2, 13, 17
List the prime factors of 2481.
3, 827
List the prime factors of 47597.
11, 4327
What are the prime factors of 53?
53
What are the prime factors of 3820?
2, 5, 191
What are the prime factors of 63107?
11, 5737
List the prime factors of 5406.
2, 3, 17, 53
List the prime factors of 61569.
3, 6841
What are the prime factors of 2695?
5, 7, 11
What are the prime factors of 21865?
5, 4373
List the prime factors of 51536.
2, 3221
List the prime factors of 260.
2, 5, 13
What are the prime factors of 6060?
2, 3, 5, 101
List the prime factors of 95489.
17, 41, 137
What are the prime factors of 12408?
2, 3, 11, 47
What are the prime factors of 1730?
2, 5, 173
What are the prime factors of 61253?
61253
What are the prime factors of 20099?
101, 199
List the prime factors of 4718.
2, 7, 337
List the prime factors of 2434.
2, 1217
List the prime factors of 6119.
29, 211
What are the prime factors of 572?
2, 11, 13
What are the prime factors of 4871?
4871
List the prime factors of 734.
2, 367
List the prime factors of 8257.
23, 359
What are the prime factors of 1165?
5, 233
List the prime factors of 2126.
2, 1063
What are the prime factors of 998?
2, 499
What are the prime factors of 4057?
4057
List the prime factors of 13789.
13789
List the prime factors of 750.
2, 3, 5
List the prime factors of 5053.
31, 163
What are the prime factors of 2449?
31, 79
What are the prime factors of 2814?
2, 3, 7, 67
What are the prime factors of 12707?
97, 131
What are the prime factors of 292?
2, 73
What are the prime factors of 5650?
2, 5, 113
List the prime factors of 972.
2, 3
List the prime factors of 2808.
2, 3, 13
List the prime factors of 5530.
2, 5, 7, 79
List the prime factors of 15.
3, 5
List the prime factors of 2226.
2, 3, 7, 53
List the prime factors of 125792.
2, 3931
What are the prime factors of 291?
3, 97
List the prime factors of 1405.
5, 281
What are the prime factors of 261?
3, 29
What are the prime factors of 66312?
2, 3, 307
List the prime factors of 13473.
3, 499
List the prime factors of 4816.
2, 7, 43
List the prime factors of 1760.
2, 5, 11
List the prime factors of 726.
2, 3, 11
What are the prime factors of 535?
5, 107
What are the prime factors of 4060?
2, 5, 7, 29
